+ -33?
28b768
In base 4, what is 11232 + 2012020221?
2012032113
In base 11, what is -1512406 - -4a?
-1512367
In base 4, what is -1003 - 312301230?
-312302233
In base 9, what is 174000104 - -7?
174000112
In base 6, what is 210515 - 43250?
123225
In base 15, what is -37c90 - -59?
-37c36
In base 7, what is -6151 - -1424660?
1415506
In base 3, what is -1001 - 1011021122212?
-1011021200220
In base 2, what is 1110101000100101110011011 + 0?
1110101000100101110011011
In base 2, what is 101 - 110100101111000010000?
-110100101111000001011
In base 16, what is 81737 - ca?
8166d
In base 5, what is 1321202222 + -1?
1321202221
In base 4, what is 10 + 23012302121?
23012302131
In base 6, what is -34 + -4503002?
-4503040
In base 3, what is -12 - 22220001111120?
-22220001111202
In base 4, what is -312022233 + -100132?
-312123031
In base 8, what is 30523 + -1463?
27040
In base 7, what is -1 - 110333422?
-110333423
In base 5, what is -113 - -314003413?
314003300
In base 15, what is -2 - -1dae66?
1dae64
In base 8, what is 6314 + -116536?
-110222
In base 15, what is 5 - 60e7cd6?
-60e7cd1
In base 14, what is 2d13 + -7141?
-422c
In base 16, what is 1 + 16a295?
16a296
In base 8, what is -220 + -1513107?
-1513327
In base 10, what is -458097 - 29?
-458126
In base 4, what is -10 + 3201210331?
3201210321
In base 3, what is -1001000 - -100010111000?
100002110000
In base 8, what is 370053 + -3?
370050
In base 4, what is 322321 + 10221?
333202
In base 13, what is 4a1 + 35395?
35866
In base 10, what is 63053 + 514?
63567
In base 12, what is -2a - 2bb3?
-3021
In base 13, what is -5592 + -309?
-589b
In base 6, what is -2532 + 550223?
543251
In base 3, what is 1122002200100200 - 102?
1122002200100021
In base 10, what is 26890412 + -12?
26890400
In base 6, what is 24455 - 1131?
23324
In base 11, what is -4079 - -5102?
1034
In base 13, what is -1937 - -20938?
1c001
In base 2, what is 100 - -1000001011111101001?
1000001011111101101
In base 2, what is -1011001111110001100100 + -1001?
-1011001111110001101101
In base 13, what is 371b5 - 76?
3713c
In base 8, what is 26 + -550106?
-550060
In base 6, what is 31454 - 245020?
-213122
In base 2, what is -10011111010111110001001010100 - 1?
-10011111010111110001001010101
In base 16, what is -15a736 - -13?
-15a723
In base 11, what is 2713 - -45a?
3072
In base 11, what is -93729a8 + -4?
-9372a01
In base 6, what is -5 + -3230320151?
-3230320200
In base 7, what is -61230 + 33045?
-25152
In base 14, what is -3 - -313d1b0?
313d1ab
In base 14, what is a4b - -1313?
1d60
In base 15, what is -1 + 140de39?
140de38
In base 5, what is 1201240204412 - 2?
1201240204410
In base 13, what is -152 - 25124c?
-2513a1
In base 11, what is 556 - -41356?
41901
In base 2, what is 100010000 + 11010011101010110?
11010100001100110
In base 10, what is 240549 + 98?
240647
In base 7, what is -11142 + 465641?
454466
In base 6, what is -2301535 - 421?
-2302400
In base 9, what is -4 + -248545?
-248550
In base 15, what is 199b4d - 199?
1999a4
In base 8, what is 4 - 264715400?
-264715374
In base 9, what is -45031751 + -1?
-45031752
In base 14, what is -285b7b - -20?
-285b5b
In base 2, what is 111111010 - -1011100001111001000?
1011100010111000010
In base 7, what is -66550 - 105342?
-205222
In base 3, what is -2 + -1101110222010220?
-1101110222010222
In base 9, what is -18648 + -1240?
-20888
In base 16, what is -4 - ba86ef?
-ba86f3
In base 8, what is -256 + 4776250?
4775772
In base 15, what is -5 + -1690694?
-1690699
In base 14, what is 9b21a + -1800?
9981a
In base 5, what is -3 - -240341430340?
240341430332
In base 15, what is -1a3c4c - -2a?
-1a3c22
In base 14, what is b18 + 16d31?
17a49
In base 4, what is 231303211311301 - 0?
231303211311301
In base 15, what is b - -1309a9?
1309b5
In base 9, what is 6 - -2048424?
2048431
In base 12, what is -9246a079 + -3?
-9246a080
In base 10, what is 1 + -4455719?
-4455718
In base 14, what is 109b5a - 44?
109b16
In base 9, what is -1 - -12888103?
12888102
In base 15, what is -32 - -27d145?
27d113
In base 16, what is -3 - -30b261?
30b25e
In base 3, what is 1101201222200 - 12020?
1101201210110
In base 9, what is -6 - -11224805?
11224788
In base 6, what is 115111324 - -41?
115111405
In base 9, what is -204243 + 11?
-204232
In base 4, what is -2233 + -3322231223?
-3322300122
In base 4, what is 0 + 3111131122003?
3111131122003
In base 3, what is 2011 + -12111111002?
-12111101221
In base 11, what is -487 + -6127?
-6603
In base 5, what is 33002014014 + -4?
33002014010
In base 9, what is -2 - -2637650?
2637647
In base 14, what is d222166 + 4?
d22216a
In base 13, what is -5a - -4b3c8?
4b36b
In base 8, what is 210 - 66554?
-66344
In base 6, what is 2112 - 12305222?
-12303110
In base 2, what is -100011000100100101 - 11110001011?
-100011100010110000
In base 4, what is -10 - -12030132121303?
12030132121233
In base 3, what is 2010 - 1110122202?
-1110120122
In base 12, what is 4 - -1b9255?
1b9259
In base 16, what is 5 - -2ce5a51?
2ce5a56
In base 16, what is -6b3 - 276b?
-2e1e
In base 4, what is 21320300 - 1032?
21313202
In base 11, what is 7 + 207412?
207419
In base 14, what is 4acb9 + 44?
4ad1d
In base 16, what is 14a0 - 399?
1107
In base 2, what is -11001 - 100101010011001010010?
-100101010011001101011
In base 13, what is -8 + 95c350a?
95c3502
In base 7, what is -26414 - -1503224?
1443510
In base 2, what is 110100100110010 + 1000011100?
110101101001110
In base 15, what is 1bde + 42bed?
448dc
In base 13, what is 32 + -118c4?
-11892
In base 8, what is 533043 + -245?
532576
In base 11, what is -2a9 + -100548?
-100846
In base 7, what is -255 - -255000?
254412
In base 12, what is 5 + -1957893?
-195788a
In base 7, what is 622256 + 0?
622256
In base 7, what is 2 - -1102060212?
1102060214
In base 12, what is 1 + -baa8817?
-baa8816
In base 5, what is -33 + 140344032?
140343444
In base 13, what is -239793 - 9c?
-239862
In base 11, what is -15373 - 2905?
-18178
In base 4, what is 1001310221312 + 11?
1001310221323
In base 6, what is 110550351 + 14?
110550405
In base 12, what is -3089 + 635?
-2654
In base 2, what is -1001000101100111001 + 10000?
-1001000101100101001
In base 13, what is 8c83 + 69?
901c
In base 16, what is -12db54 + -5?
-12db59
In base 7, what is -162523 + -624?
-163450
In base 11, what is 34a7537 + -20?
34a7517
In base 7, what is 314 + -401513?
-401166
In base 10, what is -9352 - -10231?
879
In base 13, what is 3 + b9b9c1?
b9b9c4
In base 6, what is -142244 - 1450322?
-2033010
In base 15, what is -17a7b2c + -2?
-17a7b2e
In base 4, what is -230011032 - -212?
-230010220
In base 10, what is 149621 - 2816?
146805
In base 2, what is -1011000010 + -111110011111011?
-111111110111101
In base 11, what is 388 - 13380?
-12aa3
In base 6, what is -111343 - -1220?
-110123
In base 11, what is 348222 - -18?
34823a
In base 7, what is -300 - -1000260?
666660
In base 11, what is -10084 + 668?
-a517
In base 11, what is -53 - 3390?
-3433
In base 2, what is 101 + -10000111010101101110?
-10000111010101101001
In base 5, what is -201 - -1013132?
1012431
In base 15, what is -b707a + -a?
-b7085
In base 15, what is -9d07 - 1b?
-9d23
In base 6, what is 4511040301 - 4?
4511040253
In base 10, what is -340720 - -4?
-340716
In base 7, what is -10640335 - 20?
-10640355
In base 7, what is 115666 - -53?
116052
In base 8, what is -6624026 - -255?
-6623551
In base 10, what is -1518 + 1375?
-143
In base 3, what is 100221120102010 - 11210?
100221120020100
In base 15, what is -26cd21 + 10?
-26cd11
In base 16, what is -bc1 - -2abb3?
29ff2
In base 11, what is 3 - -1508a7350?
1508a7353
In base 14, what is -8a91ca - 5?
-8a91d1
In base 3, what is 112 - 121000202212120?
-121000202212001
In base 10, what is 66 - -474694?
474760
In base 10, what is 4694108 + -1?
4694107
In base 13, what is -65 + -426c35?
-426c9a
In base 6, what is -35 + -232043150?
-232043225
In base 2, what is 110101000010100100111 - -110011?
110101000010101011010
In base 15, what is -24c006 - 9?
-24c010
In base 13, what is -232b4 + -2?
-232b6
In base 13, what is -3 + 260b5a8a?
260b5a87
In base 8, what is 62 + -5752742?
-5752660
In base 9, what is -53686253 - -5?
-53686247
In base 3, what is -111211 - 1012220?
-1201201
In base 14, what is 27dac - 4cb?
278c1
In base 10, what is 9275 - -145?
9420
In base 7, what is -162241613 - -4?
